{"id":640,"date":"2017-01-01T00:00:17","date_gmt":"2016-12-31T23:00:17","guid":{"rendered":"https:\/\/www.logic-home.de\/shop\/produkt\/import-placeholder-for-815\/"},"modified":"2021-08-03T14:17:17","modified_gmt":"2021-08-03T12:17:17","slug":"steckernetzteil-24v-625a","status":"publish","type":"product","link":"https:\/\/www.logic-home.de\/shop\/produkt\/steckernetzteil-24v-625a\/","title":{"rendered":"Steckernetzteil 24V, 6,25A"},"content":{"rendered":"<div class=\"nx-spacer\" style=\"height:15px\"><\/div>\n<p style=\"text-align: justify\">Das Steckernetzteil von TDK-Lambda l\u00e4sst sich mit 44mm Einbautiefe auch in abgeh\u00e4ngten Decken oder M\u00f6beln integrieren. Das Netzteil liefert 24V Gleichspannung und eignet sich dank passendem Direktanschluss optimal f\u00fcr die Versorgung der Loxone RGBW Dimmer. Die maximale Ausgangsleistung betr\u00e4gt 6,25A. Mit dieser Leistung k\u00f6nnen bis zu 10m unserer RGB LED Streifen betrieben werden.<\/p>\n<div class=\"nx-heading nx-heading-style-underlined nx-heading-align-left\" style=\"font-size:14px;margin-bottom:20px\"><h6 class=\"nx-heading-inner\"><strong><span style=\"color: #69c350\">Technische Daten<\/span><\/strong><\/h6><\/div>\n<div class=\"nx-list nx-list-style-\">\n<ul>\n<li><i class=\"fa fa-plus\" style=\"color:#69c350\"><\/i> Type: TDK Lambda DT150PW240C mit Ph\u00f6nix Schraubklemme und Zugentlastung<\/li>\n<li><i class=\"fa fa-plus\" style=\"color:#69c350\"><\/i> Ma\u00dfe (HxBxT): 170 x 85 x 44<\/li>\n<li><i class=\"fa fa-plus\" style=\"color:#69c350\"><\/i> Eingangsspannung: 90-264VAC (47-63Hz)<\/li>\n<li><i class=\"fa fa-plus\" style=\"color:#69c350\"><\/i> Ausgangsspannung: 24V, 150W<\/li>\n<li><i class=\"fa fa-plus\" style=\"color:#69c350\"><\/i> Betriebstemperatur: 0&#8230;40\u00b0C<\/li>\n<li><i class=\"fa fa-plus\" style=\"color:#69c350\"><\/i> robustes Geh\u00e4use<\/li>\n<li><i class=\"fa fa-plus\" style=\"color:#69c350\"><\/i> Gewicht: 780g<\/li>\n<\/ul>\n<\/div>\n<div class=\"nx-heading nx-heading-style-underlined nx-heading-align-left\" style=\"font-size:14px;margin-bottom:20px\"><h6 class=\"nx-heading-inner\"><strong><span style=\"color: #69c350\">Lieferumfang<\/span><\/strong><\/h6><\/div>\n<div class=\"nx-list nx-list-style-\">\n<ul>\n<li><i class=\"fa fa-plus\" style=\"color:#69c350\"><\/i> 1x Steckernetzteil 24V, 6,25A<\/li>\n<li><i class=\"fa fa-plus\" style=\"color:#69c350\"><\/i> 1x Kaltger\u00e4tekabel E F<\/li>\n<\/ul>\n<\/div>\n","protected":false},"excerpt":{"rendered":"<p><\/br>Das leistungsstarke Netzteil eignet sich perfekt zum Betrieb der Loxone RGBW Dimmer.<br \/>\n[nx_list icon=\"icon: check\" icon_color=\"#69c350\"]<\/p>\n<ul>\n<li>ideal zur Speisung Ihrer LED Leuchtmittel<\/li>\n<li>nur 44mm Einbautiefe<\/li>\n<li>nicht h\u00f6rbar, kein Surren<\/li>\n<li>Weitbereichseingang von 90 bis 264VAC (47-63Hz)<\/li>\n<li>24VDC Ausgang mit 150W<\/li>\n<li>Direktanschluss an die Steckdose dank mitgeliefertem Kaltger\u00e4tekabel<\/li>\n<\/ul>\n<p>[\/nx_list]<\/p>\n","protected":false},"featured_media":1060,"comment_status":"open","ping_status":"closed","template":"","meta":[],"product_cat":[53],"product_tag":[79,68,69,92,150,80],"_links":{"self":[{"href":"https:\/\/www.logic-home.de\/shop\/wp-json\/wp\/v2\/product\/640"}],"collection":[{"href":"https:\/\/www.logic-home.de\/shop\/wp-json\/wp\/v2\/product"}],"about":[{"href":"https:\/\/www.logic-home.de\/shop\/wp-json\/wp\/v2\/types\/product"}],"replies":[{"embeddable":true,"href":"https:\/\/www.logic-home.de\/shop\/wp-json\/wp\/v2\/comments?post=640"}],"wp:featuredmedia":[{"embeddable":true,"href":"https:\/\/www.logic-home.de\/shop\/wp-json\/wp\/v2\/media\/1060"}],"wp:attachment":[{"href":"https:\/\/www.logic-home.de\/shop\/wp-json\/wp\/v2\/media?parent=640"}],"wp:term":[{"taxonomy":"product_cat","embeddable":true,"href":"https:\/\/www.logic-home.de\/shop\/wp-json\/wp\/v2\/product_cat?post=640"},{"taxonomy":"product_tag","embeddable":true,"href":"https:\/\/www.logic-home.de\/shop\/wp-json\/wp\/v2\/product_tag?post=640"}],"curies":[{"name":"wp","href":"https:\/\/api.w.org\/{rel}","templated":true}]}}