{"id":614,"date":"2017-01-01T00:00:50","date_gmt":"2016-12-31T23:00:50","guid":{"rendered":"https:\/\/www.logic-home.de\/shop\/produkt\/import-placeholder-for-700\/"},"modified":"2021-08-03T09:51:23","modified_gmt":"2021-08-03T07:51:23","slug":"elektronischer-schluessel-ibutton-magn","status":"publish","type":"product","link":"https:\/\/www.logic-home.de\/shop\/produkt\/elektronischer-schluessel-ibutton-magn\/","title":{"rendered":"Elektronischer Schl\u00fcssel &#8211; iButton magn."},"content":{"rendered":"<div class=\"nx-spacer\" style=\"height:15px\"><\/div>\n<p style=\"text-align: justify\">Der Elektronische Schl\u00fcssel enth\u00e4lt einen Chip mit einer weltweit einmaligen und nicht ver\u00e4nderbaren Seriennummer, damit kann ein Elektronischer Schl\u00fcssel einer bestimmten Person zugewiesen werden. Mit dieser Technologie k\u00f6nnen Sie ein einfaches und effizientes Zutrittssystem f\u00fcr Ihre eigenen vier W\u00e4nde, Ihr Unternehmen oder Ihren Verein umsetzen. Und das zu einem sensationellen Preis- Leistungsverh\u00e4ltnis!<\/p>\n<div class=\"nx-heading nx-heading-style-underlined nx-heading-align-left\" style=\"font-size:14px;margin-bottom:20px\"><h6 class=\"nx-heading-inner\"><strong><span style=\"color: #69c350\">Einsatzgebiete<\/span><\/strong><\/h6><\/div>\n<p style=\"text-align: justify\">Durch die nahtlose Integration dieser L\u00f6sung in das Loxone Samrt Home lassen sich individuelle W\u00fcnsche hinsichtlich Berechtigungen oder gekoppelter Funktionen (z.B. Schl\u00fcssel anlegen des Hausherren bei Nacht bewirkt T\u00fcr \u00f6ffnen   Licht gedimmt einschalten   Lieblingsmusik abspielen im Foyer usw.) einfach umsetzen. Ihrer Fantasie sind keine Grenzen gesetzt.<\/p>\n<p style=\"text-align: justify\">Ein sinvoller Einsatzzweck ist die sichere Aktivierung bzw. Deaktivierung Ihres Alarmsystems. So ist es nur registrierten Personen m\u00f6glich, diese Funktionen auszul\u00f6sen, ohne dass ein Fremder die Funktionsweise \u201enachahmen\u201c kann.<\/p>\n<p style=\"text-align: justify\">Diese L\u00f6sung l\u00e4sst sich beispielsweise auch f\u00fcr die Absicherung eines Maschinenparks einsetzen. Ziel: Nur autorisierte Mitarbeiter d\u00fcrfen bestimmte Maschinen verwenden. Die Freischaltung erfolgt durch das Anlegen des iButtons am Leser. Der iButton wird durch den Magnet im Leser gehalten.<\/p>\n<div class=\"nx-heading nx-heading-style-underlined nx-heading-align-left\" style=\"font-size:14px;margin-bottom:20px\"><h6 class=\"nx-heading-inner\"><strong><span style=\"color: #69c350\">Funktionsweise<\/span><\/strong><\/h6><\/div>\n<p style=\"text-align: justify\">Durch Anlegen eines Elektronischen Schl\u00fcssels an den Elektronischen Schl\u00fcssel Leser wird ein Signal \u00fcbermittelt. Bei Anlegen eines magnetischen Schl\u00fcssels wird der iButton im Leser gehalten. Der Elektronische Schl\u00fcssel Leser kann an ein 1-Wire Ger\u00e4t, wie der Loxone 1-Wire Extension angeschlossen werden.<\/p>\n<div class=\"nx-heading nx-heading-style-underlined nx-heading-align-left\" style=\"font-size:14px;margin-bottom:20px\"><h6 class=\"nx-heading-inner\"><strong><span style=\"color: #69c350\">Technische Daten<\/span><\/strong><\/h6><\/div>\n<div class=\"nx-list nx-list-style-\">\n<ul>\n<li><i class=\"fa fa-plus\" style=\"color:#69c350\"><\/i> Signal\u00fcbermittlung per 1-Wire<\/li>\n<li><i class=\"fa fa-plus\" style=\"color:#69c350\"><\/i> Seriennummer: Weltweit einmalig und unver\u00e4nderlich mit 64Bit<\/li>\n<li><i class=\"fa fa-plus\" style=\"color:#69c350\"><\/i> Daten\u00fcbertragungsrate: 16,3 kBit\/s<\/li>\n<li><i class=\"fa fa-plus\" style=\"color:#69c350\"><\/i> Temperaturbereich: -40 \u00b0C bis 85 \u00b0C<\/li>\n<li><i class=\"fa fa-plus\" style=\"color:#69c350\"><\/i> Betriebsspannung: 2,8 V bis 6 V<\/li>\n<li><i class=\"fa fa-plus\" style=\"color:#69c350\"><\/i> Basierend auf iButton Technologie<\/li>\n<li><i class=\"fa fa-plus\" style=\"color:#69c350\"><\/i> Typ DS1990A   F5<\/li>\n<\/ul>\n<\/div>\n<div class=\"nx-heading nx-heading-style-underlined nx-heading-align-left\" style=\"font-size:14px;margin-bottom:20px\"><h6 class=\"nx-heading-inner\"><strong><span style=\"color: #69c350\">Lieferumfang<\/span><\/strong><\/h6><\/div>\n<div class=\"nx-list nx-list-style-\">\n<ul>\n<li><i class=\"fa fa-plus\" style=\"color:#69c350\"><\/i> 1x iButton Touch<\/li>\n<\/ul>\n<\/div>\n","protected":false},"excerpt":{"rendered":"<p><\/br>Einfache Zutritts-, Sicherheitskontrolle und mehr mit dem elektronischen Schl\u00fcssel (=iButton) auf 1-Wire Basis realisieren.<br \/>\n[nx_list icon=\"icon: check\" icon_color=\"#69c350\"]<\/p>\n<ul>\n<li>einfach und kosteng\u00fcnstig<\/li>\n<li>individuelle Zutrittsberechtigungen<\/li>\n<li>Chip mit weltweit einmaliger Seriennummer<\/li>\n<\/ul>\n<p>[\/nx_list]<\/p>\n","protected":false},"featured_media":806,"comment_status":"open","ping_status":"closed","template":"","meta":[],"product_cat":[57,62,40,54],"product_tag":[74,134,78,128,135],"_links":{"self":[{"href":"https:\/\/www.logic-home.de\/shop\/wp-json\/wp\/v2\/product\/614"}],"collection":[{"href":"https:\/\/www.logic-home.de\/shop\/wp-json\/wp\/v2\/product"}],"about":[{"href":"https:\/\/www.logic-home.de\/shop\/wp-json\/wp\/v2\/types\/product"}],"replies":[{"embeddable":true,"href":"https:\/\/www.logic-home.de\/shop\/wp-json\/wp\/v2\/comments?post=614"}],"wp:featuredmedia":[{"embeddable":true,"href":"https:\/\/www.logic-home.de\/shop\/wp-json\/wp\/v2\/media\/806"}],"wp:attachment":[{"href":"https:\/\/www.logic-home.de\/shop\/wp-json\/wp\/v2\/media?parent=614"}],"wp:term":[{"taxonomy":"product_cat","embeddable":true,"href":"https:\/\/www.logic-home.de\/shop\/wp-json\/wp\/v2\/product_cat?post=614"},{"taxonomy":"product_tag","embeddable":true,"href":"https:\/\/www.logic-home.de\/shop\/wp-json\/wp\/v2\/product_tag?post=614"}],"curies":[{"name":"wp","href":"https:\/\/api.w.org\/{rel}","templated":true}]}}