{"id":612,"date":"2017-01-01T00:00:50","date_gmt":"2016-12-31T23:00:50","guid":{"rendered":"https:\/\/www.logic-home.de\/shop\/produkt\/import-placeholder-for-694\/"},"modified":"2021-08-03T09:51:23","modified_gmt":"2021-08-03T07:51:23","slug":"elektr-schluessel-ibutton-leser-indoor","status":"publish","type":"product","link":"https:\/\/www.logic-home.de\/shop\/produkt\/elektr-schluessel-ibutton-leser-indoor\/","title":{"rendered":"Elektr. Schl\u00fcssel &#8211; iButton Leser Indoor"},"content":{"rendered":"<div class=\"nx-spacer\" style=\"height:15px\"><\/div>\n<p style=\"text-align: justify\">Mit dieser Technologie k\u00f6nnen Sie ein einfaches und effizientes Zutrittssystem f\u00fcr Ihre eigenen vier W\u00e4nde, Ihr Unternehmen oder Ihren Verein umsetzen. Und das zu einem sensationellen Preis- Leistungsverh\u00e4ltnis!<\/p>\n<div class=\"nx-heading nx-heading-style-underlined nx-heading-align-left\" style=\"font-size:14px;margin-bottom:20px\"><h6 class=\"nx-heading-inner\"><strong><span style=\"color: #69c350\">Einsatzgebiete<\/span><\/strong><\/h6><\/div>\n<p style=\"text-align: justify\">Durch die nahtlose Integration dieser L\u00f6sung in das Loxone Samrt Home lassen sich individuelle W\u00fcnsche hinsichtlich Berechtigungen oder gekoppelter Funktionen (z.B. Schl\u00fcssel anlegen des Hausherren bei Nacht bewirkt T\u00fcr \u00f6ffnen   Licht gedimmt einschalten   Lieblingsmusik abspielen im Foyer usw.) einfach umsetzen. Ihrer Fantasie sind keine Grenzen gesetzt.<\/p>\n<p style=\"text-align: justify\">Ein sinvoller Einsatzzweck ist die sichere Aktivierung bzw. Deaktivierung Ihres Alarmsystems. So ist es nur registrierten Personen m\u00f6glich, diese Funktionen auszul\u00f6sen, ohne dass ein Fremder die Funktionsweise &#8222;nachahmen&#8220; kann.<\/p>\n<p style=\"text-align: justify\">Diese L\u00f6sung l\u00e4sst sich beispielsweise auch f\u00fcr die Absicherung eines Maschinenparks einsetzen. Ziel: Nur autorisierte Mitarbeiter d\u00fcrfen bestimmte Maschinen verwenden. Die Freischaltung erfolgt durch das Anlegen des iButtons am Leser. Der iButton wird durch den Magnet im Leser gehalten.<\/p>\n<p style=\"text-align: justify\"><b>Es handelt sich hierbei um eine &#8222;1-Wire L\u00f6sung&#8220;. Um den elektrischen iButton Schl\u00fcssel-Leser in Betrieb zu nehmen zu k\u00f6nnen, ist die Loxone 1-Wire Extension oder ein \u00e4hnliches 1-Wire Ger\u00e4t erforderlich.<\/b><\/p>\n<div class=\"nx-heading nx-heading-style-underlined nx-heading-align-left\" style=\"font-size:14px;margin-bottom:20px\"><h6 class=\"nx-heading-inner\"><strong><span style=\"color: #69c350\">Funktionsweise<\/span><\/strong><\/h6><\/div>\n<p style=\"text-align: justify\">Durch Anlegen eines Elektronischen Schl\u00fcssels an den Elektronischen Schl\u00fcssel Leser wird ein Signal \u00fcbermittelt. Bei Anlegen eines magnetischen Schl\u00fcssels wird der iButton im Leser gehalten. Der Elektronische Schl\u00fcssel Leser kann an ein 1-Wire Ger\u00e4t, wie der Loxone 1-Wire Extension angeschlossen werden.<\/p>\n<div class=\"nx-heading nx-heading-style-underlined nx-heading-align-left\" style=\"font-size:14px;margin-bottom:20px\"><h6 class=\"nx-heading-inner\"><strong><span style=\"color: #69c350\">Einbau &amp; Montage<\/span><\/strong><\/h6><\/div>\n<p style=\"text-align: justify\">Sie k\u00f6nnen den Elektronischen Schl\u00fcssel Leser einfach in der Wand verputzen oder an Platten oder Geh\u00e4usen montieren. Er ist f\u00fcr den Einbau in Platten oder Geh\u00e4usen bis 5mm Materialst\u00e4rke und einem Durchsteckdurchmesser von 20mm geeignet. Der Elektronische Schl\u00fcssel Leser ist wasserfest, dennoch nicht f\u00fcr die Nutzung unter h\u00e4rteren Umgebungsbedingungen geeignet. F\u00fcr Outdoor- Anwendungen wird der &#8222;Elektronische Schl\u00fcssel Leser &#8211; iButton Outdoor&#8220; empfohlen.<\/p>\n<p style=\"text-align: justify\"><b>Hinweis:<\/b> Achten Sie bitte auf eine regengesch\u00fctzte Montage des iButton Lesers Outdoor.<\/p>\n<div class=\"nx-heading nx-heading-style-underlined nx-heading-align-left\" style=\"font-size:14px;margin-bottom:20px\"><h6 class=\"nx-heading-inner\"><strong><span style=\"color: #69c350\">Anschlussbelegung<\/span><\/strong><\/h6><\/div>\n<p style=\"text-align: justify\">Der Elektronische Schl\u00fcssel Leser wird an die Loxone 1-Wire Extension angeschlossen. Der wei\u00dfe Draht an &#8222;DATA&#8220; der Extension, der graue Draht an &#8222;GND&#8220;. Der gelbe Draht ist der gemeinsame Ground der beiden LEDs. Gr\u00fcn = gr\u00fcne Led; Rot = rote Led. Beide LEDs k\u00f6nnen mit 24V DC betrieben werden, da die passenden Widerst\u00e4nde bereits im Produkt integriert sind.<\/p>\n<p style=\"text-align: justify\">Da die Intelligenz im iButton selbst hinterlegt ist, kann pro 1-Wire Extension nur ein iButton Leser angeschlossen werden, da keine Unterscheidung m\u00f6glich ist, an welchem Leser der iButton dranh\u00e4ngt.<\/p>\n<p style=\"text-align: justify\">Die vorgegebene Anschlussbelegung ist mittels Etikett am Produkt angebracht.<\/p>\n<div class=\"nx-heading nx-heading-style-underlined nx-heading-align-left\" style=\"font-size:14px;margin-bottom:20px\"><h6 class=\"nx-heading-inner\"><strong><span style=\"color: #69c350\">Technische Daten<\/span><\/strong><\/h6><\/div>\n<div class=\"nx-list nx-list-style-\">\n<ul>\n<li><i class=\"fa fa-plus\" style=\"color:#69c350\"><\/i> Signal\u00fcbermittlung per 1-Wire, basierend auf iButton Technologie<\/li>\n<li><i class=\"fa fa-plus\" style=\"color:#69c350\"><\/i> robustes Geh\u00e4use<\/li>\n<li><i class=\"fa fa-plus\" style=\"color:#69c350\"><\/i> Zweifarbige LED in der Mitte der Leseeinheit (rot\/gr\u00fcn)<\/li>\n<li><i class=\"fa fa-plus\" style=\"color:#69c350\"><\/i> Temperaturbereich: -40 \u00b0C bis 85 \u00b0C<\/li>\n<li><i class=\"fa fa-plus\" style=\"color:#69c350\"><\/i> Einbautiefe: 10 mm<\/li>\n<li><i class=\"fa fa-plus\" style=\"color:#69c350\"><\/i> Einbaudurchmesser: 20 mm<\/li>\n<\/ul>\n<\/div>\n<div class=\"nx-heading nx-heading-style-underlined nx-heading-align-left\" style=\"font-size:14px;margin-bottom:20px\"><h6 class=\"nx-heading-inner\"><strong><span style=\"color: #69c350\">Lieferumfang<\/span><\/strong><\/h6><\/div>\n<div class=\"nx-list nx-list-style-\">\n<ul>\n<li><i class=\"fa fa-plus\" style=\"color:#69c350\"><\/i> 1x Elektronischer iButton Schl\u00fcssel-Leser magnetisch<\/li>\n<li><i class=\"fa fa-plus\" style=\"color:#69c350\"><\/i> 1x M20 Flachmutter<\/li>\n<li><i class=\"fa fa-plus\" style=\"color:#69c350\"><\/i> 1x Dichtring<\/li>\n<\/ul>\n<\/div>\n","protected":false},"excerpt":{"rendered":"<p><\/br>Realisieren Sie mit dem magnetischen iButton Leseger\u00e4t Ihre Zutritts- und Sicherheitsl\u00f6sung auf 1-Wire Basis.<br \/>\n[nx_list icon=\"icon: check\" icon_color=\"#69c350\"]<\/p>\n<ul>\n<li>f\u00fcr ein einfaches, g\u00fcnstiges und effizientes Zutrittssystem<\/li>\n<li>Funktionen koppeln (z.B. Willkommensszene bei Anlegen des Schl\u00fcssels)<\/li>\n<li>Aktivierung bzw. Deaktivierung des Alarmsystems<\/li>\n<li>Montage an Wand, Platten oder Geh\u00e4use<\/li>\n<\/ul>\n<p>[\/nx_list]<\/p>\n","protected":false},"featured_media":802,"comment_status":"open","ping_status":"closed","template":"","meta":[],"product_cat":[57,62,40,54],"product_tag":[74,134,78,128,135],"_links":{"self":[{"href":"https:\/\/www.logic-home.de\/shop\/wp-json\/wp\/v2\/product\/612"}],"collection":[{"href":"https:\/\/www.logic-home.de\/shop\/wp-json\/wp\/v2\/product"}],"about":[{"href":"https:\/\/www.logic-home.de\/shop\/wp-json\/wp\/v2\/types\/product"}],"replies":[{"embeddable":true,"href":"https:\/\/www.logic-home.de\/shop\/wp-json\/wp\/v2\/comments?post=612"}],"wp:featuredmedia":[{"embeddable":true,"href":"https:\/\/www.logic-home.de\/shop\/wp-json\/wp\/v2\/media\/802"}],"wp:attachment":[{"href":"https:\/\/www.logic-home.de\/shop\/wp-json\/wp\/v2\/media?parent=612"}],"wp:term":[{"taxonomy":"product_cat","embeddable":true,"href":"https:\/\/www.logic-home.de\/shop\/wp-json\/wp\/v2\/product_cat?post=612"},{"taxonomy":"product_tag","embeddable":true,"href":"https:\/\/www.logic-home.de\/shop\/wp-json\/wp\/v2\/product_tag?post=612"}],"curies":[{"name":"wp","href":"https:\/\/api.w.org\/{rel}","templated":true}]}}