{"id":568,"date":"2017-01-01T00:00:27","date_gmt":"2016-12-31T23:00:27","guid":{"rendered":"https:\/\/www.logic-home.de\/shop\/produkt\/import-placeholder-for-548\/"},"modified":"2021-08-03T14:16:38","modified_gmt":"2021-08-03T12:16:38","slug":"stellantrieb-tree","status":"publish","type":"product","link":"https:\/\/www.logic-home.de\/shop\/produkt\/stellantrieb-tree\/","title":{"rendered":"Stellantrieb Tree"},"content":{"rendered":"<div class=\"nx-spacer\" style=\"height:15px\"><\/div>\n<div class=\"nx-heading nx-heading-style-underlined nx-heading-align-left\" style=\"font-size:14px;margin-bottom:20px\"><h6 class=\"nx-heading-inner\"><strong><span style=\"color: #69c350;\">Perfekt zur intelligenten Raum-Temperaturregelung<\/span><\/strong><\/h6><\/div>\n<p style=\"text-align: justify;\">Regeln Sie mit dem Stellantrieb pr\u00e4zise die Temperatur in jedem Raum und setzen Sie so Ihre Heiz- und K\u00fchlenergie optimal ein. Mit dem Stellantrieb sorgt Ihr Loxone Smart Home f\u00fcr mehr Komfort und hilft Ihnen beim Energie sparen \u2013 ganz automatisch mit dem Autopilot.<\/p>\n<div class=\"nx-heading nx-heading-style-underlined nx-heading-align-left\" style=\"font-size:14px;margin-bottom:20px\"><h6 class=\"nx-heading-inner\"><strong><span style=\"color: #69c350;\">Regelt Heizung und K\u00fchlung<\/span><\/strong><\/h6><\/div>\n<p style=\"text-align: justify;\">Setzen Sie den Stellantrieb Air f\u00fcr die intelligente Regelung von Heizung und\/oder K\u00fchlung in Ihrem Loxone Smart Home ein und realisieren Sie die intelligente Temperaturregelung auf Raumbasis mit dem Loxone Miniserver.<\/p>\n<div class=\"nx-heading nx-heading-style-underlined nx-heading-align-left\" style=\"font-size:14px;margin-bottom:20px\"><h6 class=\"nx-heading-inner\"><strong><span style=\"color: #69c350;\">Stellantrieb Tree<\/span><\/strong><\/h6><\/div>\n<p style=\"text-align: justify;\">Dank Tree Technologie erfolgt die Verkabelung aller Stellantriebe im Heizkreisverteiler in nur wenigen Minuten: Kabel von Stellantrieb zu Stellantrieb ziehen, mit IDC-Tool* in Schneidklemmenkontakt dr\u00fccken, fertig.<\/p>\n<div class=\"nx-heading nx-heading-style-coloredline nx-heading-align-left\" style=\"font-size:14px;margin-bottom:20px\"><h6 class=\"nx-heading-inner\"><strong>Gewohnt einfache Inbetriebnahme<\/strong><\/h6><\/div>\n<p style=\"text-align: justify;\">Stellantrieb im Heizkreisverteiler oder am Heizk\u00f6rperventil anbringen und mit Strom versorgen: Die Stellantriebe werden in Loxone Config automatisch erkannt und sind binnen Minuten fertig konfiguriert.<\/p>\n<div class=\"nx-heading nx-heading-style-coloredline nx-heading-align-left\" style=\"font-size:14px;margin-bottom:20px\"><h6 class=\"nx-heading-inner\"><strong>Ger\u00e4uscharme Ventilbewegung<\/strong><\/h6><\/div>\n<p style=\"text-align: justify;\">Der Stellantrieb ist mit einem ausgereiften Schrittmotor ausgestattet. Dieser bewegt das Ventil besonders ger\u00e4uscharm.<\/p>\n<div class=\"nx-heading nx-heading-style-coloredline nx-heading-align-left\" style=\"font-size:14px;margin-bottom:20px\"><h6 class=\"nx-heading-inner\"><strong>Kompatibel mit g\u00e4ngigen Ventilen<\/strong><\/h6><\/div>\n<p style=\"text-align: justify;\">Sie erhalten den Stellantrieb mit einem Standard Ventiladapter (VA80). Damit ist dieser mit vielen g\u00e4ngigen Heizventilen kompatibel. Weitere Adapter gibt es als Zubeh\u00f6r in unserem Online-Shop.<\/p>\n<div class=\"nx-heading nx-heading-style-coloredline nx-heading-align-left\" style=\"font-size:14px;margin-bottom:20px\"><h6 class=\"nx-heading-inner\"><strong>Integrierte Status LED<\/strong><\/h6><\/div>\n<p style=\"text-align: justify;\">Die Status-LED geben beim Stellantrieb Tree mit unterschiedlichen Blinkcodes Auskunft zu \u00d6ffnungsgrad der Ventile, Verbindungs- oder Ventilstatus.<\/p>\n<div class=\"nx-heading nx-heading-style-underlined nx-heading-align-left\" style=\"font-size:14px;margin-bottom:20px\"><h6 class=\"nx-heading-inner\"><strong><span style=\"color: #69c350;\">Technische Daten<\/span><\/strong><\/h6><\/div>\n<div class=\"nx-list nx-list-style-\">\n<ul>\n<li><i class=\"fa fa-plus\" style=\"color:#69c350\"><\/i> Stromversorgung: 24VDC SELV (min. 9VDC max. 28VDC)<\/li>\n<li><i class=\"fa fa-plus\" style=\"color:#69c350\"><\/i> Stromverbrauch: max. 1,5W<\/li>\n<li><i class=\"fa fa-plus\" style=\"color:#69c350\"><\/i> ger\u00e4uscharme Ventilbewegung mittels Schrittmotor: ja<\/li>\n<li><i class=\"fa fa-plus\" style=\"color:#69c350\"><\/i> Integrierter Temperaturf\u00fchler: nein<\/li>\n<li><i class=\"fa fa-plus\" style=\"color:#69c350\"><\/i> 1x Digitaler Eingang: nein<\/li>\n<li><i class=\"fa fa-plus\" style=\"color:#69c350\"><\/i> Luftfeuchtigkeit: 80% r.H.<\/li>\n<li><i class=\"fa fa-plus\" style=\"color:#69c350\"><\/i> Schutzklasse: IP20<\/li>\n<\/ul>\n<\/div>\nKeine Instandhaltung notwendig. Reinigung mit einem trockenen Tuch.<br \/>\n<div class=\"nx-heading nx-heading-style-underlined nx-heading-align-left\" style=\"font-size:14px;margin-bottom:20px\"><h6 class=\"nx-heading-inner\"><strong><span style=\"color: #69c350;\">Lieferumfang<\/span><\/strong><\/h6><\/div>\n<div class=\"nx-list nx-list-style-\">\n<ul>\n<li><i class=\"fa fa-plus\" style=\"color:#69c350\"><\/i> 1x Stellantrieb Tree<\/li>\n<li><i class=\"fa fa-plus\" style=\"color:#69c350\"><\/i> 1x Ventiladapter VA80<\/li>\n<\/ul>\n<\/div>\n*Das IDC-Tool ist im Lieferumfang der Tree Extension enthalten.<\/p>\n","protected":false},"excerpt":{"rendered":"<p>Der Loxone Stellantrieb Air eignet sich perfekt f\u00fcr die intelligente Temperaturregelung auf Raumbasis. Dank der Loxone Tree Technologie wird die Verkabelung und Inbetriebnahme vom Heizkreisverteiler revolution\u00e4r einfach.<br \/>\n[nx_list icon=\"icon: check\" icon_color=\"#69c350\"]<\/p>\n<ul>\n<li>perfekt geeignet zur pr\u00e4zisen Einzelraum-Temperaturregelung<\/li>\n<li>zeitsparende Verkabelung dank Tree Technologie und Schneidklemmkontakt<\/li>\n<li>fl\u00fcsterleise dank hochwertigem Schrittmotor<\/li>\n<li>Status LED zur Anzeige der Ventilstellung<\/li>\n<li>voll updatef\u00e4hig dank kostenloser Software Updates<\/li>\n<li>kompatibel mit vielen g\u00e4ngigen Ventilen (Adapter erh\u00e4ltlich)<\/li>\n<\/ul>\n<p>[\/nx_list]<\/p>\n","protected":false},"featured_media":1069,"comment_status":"open","ping_status":"closed","template":"","meta":[],"product_cat":[50,39,47],"product_tag":[109,76,110,67],"_links":{"self":[{"href":"https:\/\/www.logic-home.de\/shop\/wp-json\/wp\/v2\/product\/568"}],"collection":[{"href":"https:\/\/www.logic-home.de\/shop\/wp-json\/wp\/v2\/product"}],"about":[{"href":"https:\/\/www.logic-home.de\/shop\/wp-json\/wp\/v2\/types\/product"}],"replies":[{"embeddable":true,"href":"https:\/\/www.logic-home.de\/shop\/wp-json\/wp\/v2\/comments?post=568"}],"wp:featuredmedia":[{"embeddable":true,"href":"https:\/\/www.logic-home.de\/shop\/wp-json\/wp\/v2\/media\/1069"}],"wp:attachment":[{"href":"https:\/\/www.logic-home.de\/shop\/wp-json\/wp\/v2\/media?parent=568"}],"wp:term":[{"taxonomy":"product_cat","embeddable":true,"href":"https:\/\/www.logic-home.de\/shop\/wp-json\/wp\/v2\/product_cat?post=568"},{"taxonomy":"product_tag","embeddable":true,"href":"https:\/\/www.logic-home.de\/shop\/wp-json\/wp\/v2\/product_tag?post=568"}],"curies":[{"name":"wp","href":"https:\/\/api.w.org\/{rel}","templated":true}]}}