{"id":537,"date":"2017-01-01T00:00:04","date_gmt":"2016-12-31T23:00:04","guid":{"rendered":"https:\/\/www.logic-home.de\/shop\/produkt\/import-placeholder-for-434\/"},"modified":"2021-08-03T14:18:15","modified_gmt":"2021-08-03T12:18:15","slug":"speaker-einbaubox-fuer-abgehaengte-decken","status":"publish","type":"product","link":"https:\/\/www.logic-home.de\/shop\/produkt\/speaker-einbaubox-fuer-abgehaengte-decken\/","title":{"rendered":"Speaker Einbaubox f\u00fcr abgeh\u00e4ngte Decken"},"content":{"rendered":"<div class=\"nx-spacer\" style=\"height:15px\"><\/div>\n<p style=\"text-align: justify\">Bedenken Sie Ihr Multiroom-Audio-System w\u00e4hrend der Bauphase und sorgen Sie mit der Loxone Speaker Einbaubox vor. Ihre Vorteile:<\/p>\n<div class=\"nx-heading nx-heading-style-coloredline nx-heading-align-left\" style=\"font-size:14px;margin-bottom:20px\"><h6 class=\"nx-heading-inner\"><strong>Voller Klang<\/strong><\/h6><\/div>\n<p style=\"text-align: justify\">Bei 9,1 Liter Volumen und D\u00e4mpfungsmaterial im Geh\u00e4use bietet die Loxone Speaker Einbaubox optimalen Klang.<\/p>\n<div class=\"nx-heading nx-heading-style-coloredline nx-heading-align-left\" style=\"font-size:14px;margin-bottom:20px\"><h6 class=\"nx-heading-inner\"><strong>Hochwertiges Material<\/strong><\/h6><\/div>\n<p style=\"text-align: justify\">Die Einbaubox besteht aus qualitativem MDF und Sperrholz und sorgt so f\u00fcr sehr gute Resonanz.<\/p>\n<div class=\"nx-heading nx-heading-style-coloredline nx-heading-align-left\" style=\"font-size:14px;margin-bottom:20px\"><h6 class=\"nx-heading-inner\"><strong>Einfache Montage<\/strong><\/h6><\/div>\n<p style=\"text-align: justify\">Vorgebohrte L\u00f6cher und Einfr\u00e4sungen machen die Montage einfach und rasch m\u00f6glich.<\/p>\n<div class=\"nx-heading nx-heading-style-coloredline nx-heading-align-left\" style=\"font-size:14px;margin-bottom:20px\"><h6 class=\"nx-heading-inner\"><strong>F\u00fcr Abhangdecken und bei Holzriegelbauweise<\/strong><\/h6><\/div>\n<p style=\"text-align: justify\">Die Loxone Speaker Einbaubox ist hier die ideale L\u00f6sung.<\/p>\n<p><\/b>Wichtig:<\/b> Denken Sie an die Leerverrohrung hin zur Loxone Speaker Einbaubox.<\/p>\n<div class=\"nx-heading nx-heading-style-underlined nx-heading-align-left\" style=\"font-size:14px;margin-bottom:20px\"><h6 class=\"nx-heading-inner\"><strong><span style=\"color: #69c350\">Technische Daten<\/span><\/strong><\/h6><\/div>\n<div class=\"nx-list nx-list-style-\">\n<ul>\n<li><i class=\"fa fa-plus\" style=\"color:#69c350\"><\/i> Durchmesser Auslass: 204 mm (rund)<\/li>\n<li><i class=\"fa fa-plus\" style=\"color:#69c350\"><\/i> Einbautiefe: 108 mm<\/li>\n<li><i class=\"fa fa-plus\" style=\"color:#69c350\"><\/i> Kabelzuf\u00fchrung: 2 x 15 mm<\/li>\n<li><i class=\"fa fa-plus\" style=\"color:#69c350\"><\/i> Material: MDF \/ Sperrholz<\/li>\n<li><i class=\"fa fa-plus\" style=\"color:#69c350\"><\/i> Abmessungen: 390 x 390 mm<\/li>\n<\/ul>\n<\/div>\n<div class=\"nx-heading nx-heading-style-underlined nx-heading-align-left\" style=\"font-size:14px;margin-bottom:20px\"><h6 class=\"nx-heading-inner\"><strong><span style=\"color: #69c350\">Lieferumfang<\/span><\/strong><\/h6><\/div>\n<div class=\"nx-list nx-list-style-\">\n<ul>\n<li><i class=\"fa fa-plus\" style=\"color:#69c350\"><\/i> 1x Loxone Speaker Einbaubox (als Einzelteile)<\/li>\n<li><i class=\"fa fa-plus\" style=\"color:#69c350\"><\/i> 1x Schrauben-Set<\/li>\n<li><i class=\"fa fa-plus\" style=\"color:#69c350\"><\/i> 2x Latten zur Befestigung<\/li>\n<li><i class=\"fa fa-plus\" style=\"color:#69c350\"><\/i> 1x Montageanleitung<\/li>\n<\/ul>\n<\/div>\n","protected":false},"excerpt":{"rendered":"<p><\/br>Die Loxone Speaker Einbaubox eignet sich f\u00fcr den Einbau des Loxone Speakers in abgeh\u00e4ngten Decken oder bei Holzriegelbauweise und sorgt f\u00fcr vollen Klang.<br \/>\n[nx_list icon=\"icon: check\" icon_color=\"#69c350\"]<\/p>\n<ul>\n<li>f\u00fcr Decken- und Wandeinbau<\/li>\n<li>204 mm Durchmesser passend f\u00fcr den Loxone Speaker<\/li>\n<li>geringe Einbautiefe (108 mm)<\/li>\n<li>sehr gute Resonanz (9,1 Liter)<\/li>\n<li>vorgebohrte L\u00f6cher und Einfr\u00e4sungen f\u00fcr einfache Montage<\/li>\n<\/ul>\n<p>[\/nx_list]<\/p>\n","protected":false},"featured_media":944,"comment_status":"open","ping_status":"closed","template":"","meta":[],"product_cat":[36,51],"product_tag":[71,88,72],"_links":{"self":[{"href":"https:\/\/www.logic-home.de\/shop\/wp-json\/wp\/v2\/product\/537"}],"collection":[{"href":"https:\/\/www.logic-home.de\/shop\/wp-json\/wp\/v2\/product"}],"about":[{"href":"https:\/\/www.logic-home.de\/shop\/wp-json\/wp\/v2\/types\/product"}],"replies":[{"embeddable":true,"href":"https:\/\/www.logic-home.de\/shop\/wp-json\/wp\/v2\/comments?post=537"}],"wp:featuredmedia":[{"embeddable":true,"href":"https:\/\/www.logic-home.de\/shop\/wp-json\/wp\/v2\/media\/944"}],"wp:attachment":[{"href":"https:\/\/www.logic-home.de\/shop\/wp-json\/wp\/v2\/media?parent=537"}],"wp:term":[{"taxonomy":"product_cat","embeddable":true,"href":"https:\/\/www.logic-home.de\/shop\/wp-json\/wp\/v2\/product_cat?post=537"},{"taxonomy":"product_tag","embeddable":true,"href":"https:\/\/www.logic-home.de\/shop\/wp-json\/wp\/v2\/product_tag?post=537"}],"curies":[{"name":"wp","href":"https:\/\/api.w.org\/{rel}","templated":true}]}}