{"id":527,"date":"2017-01-01T00:00:47","date_gmt":"2016-12-31T23:00:47","guid":{"rendered":"https:\/\/www.logic-home.de\/shop\/produkt\/import-placeholder-for-388\/"},"modified":"2021-08-03T09:51:25","modified_gmt":"2021-08-03T07:51:25","slug":"ir-control-air","status":"publish","type":"product","link":"https:\/\/www.logic-home.de\/shop\/produkt\/ir-control-air\/","title":{"rendered":"IR Control Air"},"content":{"rendered":"<div class=\"nx-spacer\" style=\"height:15px\"><\/div>\n<div class=\"nx-heading nx-heading-style-underlined nx-heading-align-left\" style=\"font-size:14px;margin-bottom:20px\"><h6 class=\"nx-heading-inner\"><strong><span style=\"color: #69c350\">Infrarot Technologie f\u00fcr Ihr Smart Home<\/span><\/strong><\/h6><\/div>\n<p style=\"text-align: justify\">Erweitern Sie Ihr Loxone Smart Home dank IR Control Air kabellos und schnell um Infrarot Technologie! So k\u00f6nnen Sie all Ihre Infrarot Ger\u00e4te \u2013 vom TV bis zur Klimaanlage \u2013 einfach integrieren. Au\u00dferdem k\u00f6nnen Sie Ihre Fernbedienung als Bedieninstrument f\u00fcr Ihr Zuhause nutzen.<\/p>\n<div class=\"nx-heading nx-heading-style-underlined nx-heading-align-left\" style=\"font-size:14px;margin-bottom:20px\"><h6 class=\"nx-heading-inner\"><strong><span style=\"color: #69c350\">Integrieren Sie Ihre IR Ger\u00e4te in Loxone Smart Home<\/span><\/strong><\/h6><\/div>\n<p style=\"text-align: justify\">Mit der Loxone IR Control Air k\u00f6nnen Sie angefangen von Ihren Multimedia Ger\u00e4ten f\u00fcr Ihr Heimkino bis zu Klimaanlagen alle Ger\u00e4te mit Infrarot Schnittstelle in Ihr Smart Home integrieren, einfach bedienen und intelligent automatisieren.<\/p>\n<p style=\"text-align: justify\">An die IR Control Air k\u00f6nnen Sie bis zu 4 externe IR-Sender Augen anschlie\u00dfen und so gleich mehrere Ger\u00e4te kabellos integrieren.<\/p>\n<div class=\"nx-heading nx-heading-style-underlined nx-heading-align-left\" style=\"font-size:14px;margin-bottom:20px\"><h6 class=\"nx-heading-inner\"><strong><span style=\"color: #69c350\">Steuern Sie Ihr Zuhause mit Ihrer Fernbedienung<\/span><\/strong><\/h6><\/div>\n<p style=\"text-align: justify\">\u00dcber die Loxone IR Control Air k\u00f6nnen Sie eine herk\u00f6mmliche Fernbedienung zum Smart Home Bedieninstrument machen. So haben Sie zB mit der TV-Fernbedienung Ihre Beschattung, Beleuchtung und Co. voll im Griff.<\/p>\n<p style=\"text-align: justify\">Die IR Control Air hat dazu einen IR Empf\u00e4nger direkt eingebaut. Sie k\u00f6nnen auch einen zus\u00e4tzlichen externen IR Empf\u00e4nger anschlie\u00dfen und platzieren.<\/p>\n<div class=\"nx-heading nx-heading-style-underlined nx-heading-align-left\" style=\"font-size:14px;margin-bottom:20px\"><h6 class=\"nx-heading-inner\"><strong><span style=\"color: #69c350\">Einfach bedienen<\/span><\/strong><\/h6><\/div>\n<p style=\"text-align: justify\">Die Loxone IR Control Air im Einsatz<\/p>\n<div class=\"nx-heading nx-heading-style-coloredline nx-heading-align-left\" style=\"font-size:14px;margin-bottom:20px\"><h6 class=\"nx-heading-inner\"><strong>Kino auf Knopfdruck<\/strong><\/h6><\/div>\n<p style=\"text-align: justify\">Im Loxone Smart Home k\u00f6nnen Sie dank IR Control Air Ihre Loxone Installation mit IR-Ger\u00e4ten kombinieren und so Szenen realisieren. Wenn Sie z.B. die Kinoszene aktivieren, wird Ihre Beleuchtung gedimmt und Stereoanlage und TV-Ger\u00e4t eingeschalten.<\/p>\n<div class=\"nx-heading nx-heading-style-coloredline nx-heading-align-left\" style=\"font-size:14px;margin-bottom:20px\"><h6 class=\"nx-heading-inner\"><strong>Per App steuern<\/strong><\/h6><\/div>\n<p style=\"text-align: justify\">Ihre Infrarot-Ger\u00e4te \u00fcber die Loxone App steuern Mit der IR Control Air k\u00f6nnen Sie Ihre Infrarot-Ger\u00e4te zB Ihre Klimaanlage ganz bequem per Loxone App auf Ihrem Smartphone oder Tablet steuern. Egal ob zu Hause oder aus dem Urlaub.<\/p>\n<div class=\"nx-heading nx-heading-style-coloredline nx-heading-align-left\" style=\"font-size:14px;margin-bottom:20px\"><h6 class=\"nx-heading-inner\"><strong>IR-Ger\u00e4te automatisieren<\/strong><\/h6><\/div>\n<p style=\"text-align: justify\">Der Loxone Miniserver \u00fcbernimmt im Loxone Smart Home die Steuerung von Klimaanlagen, Ventilatoren und anderen Infrarot-Ger\u00e4ten, die ansonsten mit der eigenen Fernbedienung manuell bedient w\u00fcrden.<\/p>\n<div class=\"nx-heading nx-heading-style-coloredline nx-heading-align-left\" style=\"font-size:14px;margin-bottom:20px\"><h6 class=\"nx-heading-inner\"><strong>Ihre Fernbedienung<\/strong><\/h6><\/div>\n<p style=\"text-align: justify\">Mit der IR Control Air k\u00f6nnen Sie eine herk\u00f6mmliche Fernbedienung zum Smart Home Bedieninstrument machen. So k\u00f6nnen Sie mit einer Fernbedienung neben den Multimedia Ger\u00e4ten z.B. auch Licht oder Beschattung steuern.<\/p>\n<div class=\"nx-heading nx-heading-style-underlined nx-heading-align-left\" style=\"font-size:14px;margin-bottom:20px\"><h6 class=\"nx-heading-inner\"><strong><span style=\"color: #69c350\">Technische Daten<\/span><\/strong><\/h6><\/div>\n<div class=\"nx-list nx-list-style-\">\n<ul>\n<li><i class=\"fa fa-plus\" style=\"color:#69c350\"><\/i> interner IR Transmitter &amp; Empf\u00e4nger (optimiert f\u00fcr 38kHz IR Signale)<\/li>\n<li><i class=\"fa fa-plus\" style=\"color:#69c350\"><\/i> maximale relative Feuchtigkeit: 95% (nicht-kondensierend)<\/li>\n<li><i class=\"fa fa-plus\" style=\"color:#69c350\"><\/i> 4 externe IR Sender-Augen &amp; 1 externes IR Empf\u00e4nger-Auge (optimiert f\u00fcr 38kHz IR Signale)<\/li>\n<li><i class=\"fa fa-plus\" style=\"color:#69c350\"><\/i> Kabellose Verbindung zur Air Base Extension und Miniserver Go dank integrierter Loxone Air Technologie (integrierte Antenne)<\/li>\n<li><i class=\"fa fa-plus\" style=\"color:#69c350\"><\/i> Stromversorgung: 5VDC (max. 125mA) via Micro USB<\/li>\n<li><i class=\"fa fa-plus\" style=\"color:#69c350\"><\/i> Stromverbrauch: typ. 0.1 W<\/li>\n<li><i class=\"fa fa-plus\" style=\"color:#69c350\"><\/i> Befestigung: einfach \u00fcber Velcro-Klettband<\/li>\n<li><i class=\"fa fa-plus\" style=\"color:#69c350\"><\/i> Onboard: Mikroprozessor<\/li>\n<li><i class=\"fa fa-plus\" style=\"color:#69c350\"><\/i> Frequenz: 868MHz (SRD Band Europe), 915MHz (ISM Band Region 2)<\/li>\n<li><i class=\"fa fa-plus\" style=\"color:#69c350\"><\/i> Betriebstemperatur: 0&#8230;55\u00b0C<\/li>\n<li><i class=\"fa fa-plus\" style=\"color:#69c350\"><\/i> Abmessungen: 90 x 49 x 14 mm<\/li>\n<li><i class=\"fa fa-plus\" style=\"color:#69c350\"><\/i> Schutzklasse: IP20<\/li>\n<\/ul>\n<\/div>\n<div class=\"nx-heading nx-heading-style-underlined nx-heading-align-left\" style=\"font-size:14px;margin-bottom:20px\"><h6 class=\"nx-heading-inner\"><strong><span style=\"color: #69c350\">Lieferumfang<\/span><\/strong><\/h6><\/div>\n<div class=\"nx-list nx-list-style-\">\n<ul>\n<li><i class=\"fa fa-plus\" style=\"color:#69c350\"><\/i> 1x Loxone IR Control Air<\/li>\n<li><i class=\"fa fa-plus\" style=\"color:#69c350\"><\/i> 1x USB Netzteil mit 3 verschiedenen Steckertypen (US, UK, EU)<\/li>\n<li><i class=\"fa fa-plus\" style=\"color:#69c350\"><\/i> 1x Micro USB Kabel<\/li>\n<li><i class=\"fa fa-plus\" style=\"color:#69c350\"><\/i> 4x externe IR Zwillingstransmitter (Kabell\u00e4nge 2m) zur Befestigung an Empf\u00e4ngerger\u00e4t<\/li>\n<li><i class=\"fa fa-plus\" style=\"color:#69c350\"><\/i> 1x externer IR Empf\u00e4nger (Kabell\u00e4nge 1,5m)<\/li>\n<\/ul>\n<\/div>\n","protected":false},"excerpt":{"rendered":"<p><\/br>Mit der Loxone IR Control Air haben Sie Ihre Infrarot Ger\u00e4te voll im Griff vom Fernseher bis zur Klimaanlage.<br \/>\n[nx_list icon=\"icon: check\" icon_color=\"#69c350\"]<\/p>\n<ul>\n<li>sendet und empf\u00e4ngt Infrarot-Signale<\/li>\n<li>Multimedia-Ger\u00e4te, Klimaanlagen, uvm. steuern<\/li>\n<li>basierend auf Loxone Air Funktechnologie<\/li>\n<li>nutzen Sie Ihre Infrarot Fernbedienung im Smart Home<\/li>\n<\/ul>\n<p>[\/nx_list]<\/p>\n","protected":false},"featured_media":847,"comment_status":"open","ping_status":"closed","template":"","meta":[],"product_cat":[36,48,51,52],"product_tag":[64,71,72,65,73],"_links":{"self":[{"href":"https:\/\/www.logic-home.de\/shop\/wp-json\/wp\/v2\/product\/527"}],"collection":[{"href":"https:\/\/www.logic-home.de\/shop\/wp-json\/wp\/v2\/product"}],"about":[{"href":"https:\/\/www.logic-home.de\/shop\/wp-json\/wp\/v2\/types\/product"}],"replies":[{"embeddable":true,"href":"https:\/\/www.logic-home.de\/shop\/wp-json\/wp\/v2\/comments?post=527"}],"wp:featuredmedia":[{"embeddable":true,"href":"https:\/\/www.logic-home.de\/shop\/wp-json\/wp\/v2\/media\/847"}],"wp:attachment":[{"href":"https:\/\/www.logic-home.de\/shop\/wp-json\/wp\/v2\/media?parent=527"}],"wp:term":[{"taxonomy":"product_cat","embeddable":true,"href":"https:\/\/www.logic-home.de\/shop\/wp-json\/wp\/v2\/product_cat?post=527"},{"taxonomy":"product_tag","embeddable":true,"href":"https:\/\/www.logic-home.de\/shop\/wp-json\/wp\/v2\/product_tag?post=527"}],"curies":[{"name":"wp","href":"https:\/\/api.w.org\/{rel}","templated":true}]}}